{"id":104,"date":"2025-04-30T14:47:10","date_gmt":"2025-04-30T14:47:10","guid":{"rendered":"https:\/\/filosofiaysimbolismo.org.ar\/aaefs\/?page_id=104"},"modified":"2025-05-19T00:56:06","modified_gmt":"2025-05-19T00:56:06","slug":"gicp-masoneria-y-politica","status":"publish","type":"page","link":"https:\/\/filosofiaysimbolismo.org.ar\/aaefs\/gicp-masoneria-y-politica\/","title":{"rendered":"GICP Masoner\u00eda y Pol\u00edtica"},"content":{"rendered":"\n<figure class=\"wp-block-image size-full\"><img loading=\"lazy\" decoding=\"async\" width=\"680\" height=\"382\" src=\"https:\/\/filosofiaysimbolismo.org.ar\/aaefs\/wp-content\/uploads\/2025\/05\/image.png\" alt=\"\" class=\"wp-image-120\" srcset=\"https:\/\/filosofiaysimbolismo.org.ar\/aaefs\/wp-content\/uploads\/2025\/05\/image.png 680w, https:\/\/filosofiaysimbolismo.org.ar\/aaefs\/wp-content\/uploads\/2025\/05\/image-300x169.png 300w\" sizes=\"auto, (max-width: 680px) 100vw, 680px\" \/><\/figure>\n\n\n\n<p>Nombre del GICP<\/p>\n\n\n\n<p><strong><a href=\"https:\/\/drive.google.com\/file\/d\/1zx3wL1AP74W1zS60Hhwu9I5tjwLPphsm\/view\">Masoner\u00eda y Pol\u00edtica. Aporte filos\u00f3fico de los<br>Ritos Nacionales en Am\u00e9rica Latina<\/a><\/strong><\/p>\n\n\n\n<p><strong>Director<\/strong>: Ricardo Romero<br><strong>Coordinadores<\/strong>: Ver\u00f3nica Bast\u00f3n; Rodrigo Borges; Jorge<br>Cornejo; Jorge Cabezas<br>Email: <a href=\"mailto:politologoromero@gmail.com\">politologoromero@gmail.com<\/a><\/p>\n\n\n\n<p><a href=\"https:\/\/virtualeducativa.com.ar\/campus-ciep\/user\/index.php?id=14\" data-type=\"link\" data-id=\"https:\/\/virtualeducativa.com.ar\/campus-ciep\/user\/index.php?id=14\">Aula Virtual<\/a><\/p>\n\n\n\n<p><strong>\u00c1rea\/s tem\u00e1tica\/s<\/strong>:<br>Pol\u00edtica Latinoam\u00e9rica<br>Filosof\u00eda Pol\u00edtica<br>Actores Sociales<\/p>\n\n\n\n<p><strong>Descripci\u00f3n<\/strong>:<br>La pertenencia a la Masoner\u00eda de referentes pol\u00edticos en Am\u00e9rica Latina no es una<br>casualidad, sino que existe una concordancia entre la cosmogon\u00eda filos\u00f3fica y simb\u00f3lica<br>de la instituci\u00f3n y la arquitectura institucional que di\u00f3 base a los Estados Nacionales en<br>Am\u00e9rica Latina.<br>Incluso, si bien el Rito Escoc\u00e9s Antiguo y Aceptado es el m\u00e1s conocido y practicado en<br>la regi\u00f3n, no es el \u00fanico desarrollado en el continente, incluso no fue el que propici\u00f3 la<br>emancipaci\u00f3n, estaba en formaci\u00f3n a inicios del siglo XIX, las Logias iniciales como la<br>Independencia en Buenos Aires, practicaban rituales primitivos.<br>Es m\u00e1s, posteriormente, en varios pa\u00edses se iniciaron rituales nacionales con leyendas y<br>simbolog\u00edas propias de cada pa\u00eds. El m\u00e1s conocido es el Rito Nacional Mexicano, pero<br>se conocen tambi\u00e9n el Brasile\u00f1o, el Paraguayo, el Andino, e incluso en Argentina el<br>mismo Carlos Pellegrini impuls\u00f3 una versi\u00f3n Nacional.<br>Profundizando el contenido filos\u00f3fico y simb\u00f3lico de los mismos, se pueden establecer<br>relaciones con los procesos pol\u00edticos nacionales, como el Acuerdo Nacional que permite<br>el retiro de Jos\u00e9 de Urquiza del campo de batalla y que la historiograf\u00eda no llega a<br>explicarlo.<br><\/p>\n\n\n\n<p><strong>Objetivos<\/strong>:<br>Este Grupo de Investigaci\u00f3n en Ciencia Pol\u00edtica Arquitectos es abordar la reflexi\u00f3n de<br>referentes pol\u00edticos con presencia en la historia pol\u00edtica de los pa\u00edses latinoamericanos y<br>la concordancia conceptual con la cosmogon\u00eda filos\u00f3fica y simb\u00f3lica de la Masoner\u00eda.<br><\/p>\n\n\n\n<p><strong>Modalidad de trabajo<\/strong>:<\/p>\n\n\n\n<p>Se realizar\u00e1n talleres de estudio con el abordaje de textos y la elaboraci\u00f3n de ensayos y<br>art\u00edculos que permitan la relaci\u00f3n buscada.<br><\/p>\n\n\n\n<p id=\"m_-724007408768054862docs-internal-guid-4051af7d-7fff-7f0f-109a-dba638f44a02\"><strong>Taller Permanente de Estudio Historia, Filosof\u00eda y Simbolismo Mas\u00f3nico<\/strong><\/p>\n\n\n\n<p>Estructura de an\u00e1lisis&nbsp;<\/p>\n\n\n\n<ul class=\"wp-block-list\">\n<li>Filosof\u00eda y Simbolismo Mas\u00f3nico.<\/li>\n\n\n\n<li>Historia y ritos nacionales en Am\u00e9rica Latina.<\/li>\n\n\n\n<li>Influencia mas\u00f3nica en el Pensamiento Pol\u00edtico Latinoamericano.<\/li>\n<\/ul>\n\n\n\n<p>Pr\u00f3ximo encuentro 27 de mayo. Charla \u201cMasoner\u00eda en la Emancipaci\u00f3n Americana\u201d.<\/p>\n\n\n\n<p><strong>Requisitos para participar:<br><\/strong>Estudiantes y graduadas\/OS con inter\u00e9s en la filosof\u00eda pol\u00edtica, la historia Latinoam\u00e9rica y el<br>estudio de organizaciones.<\/p>\n\n\n\n<p id=\"block-f90a5451-35a3-4f83-a964-329c541bdede\">Email: <a href=\"mailto:politologoromero@gmail.com\">politologoromero@gmail.com<\/a><\/p>\n\n\n\n<p><\/p>\n","protected":false},"excerpt":{"rendered":"<p>Nombre del GICP Masoner\u00eda y Pol\u00edtica. Aporte filos\u00f3fico de losRitos Nacionales en Am\u00e9rica Latina Director: Ricardo RomeroCoordinadores: Ver\u00f3nica Bast\u00f3n; Rodrigo Borges; JorgeCornejo; Jorge CabezasEmail: politologoromero@gmail.com [&hellip;]<\/p>\n","protected":false},"author":1,"featured_media":0,"parent":0,"menu_order":0,"comment_status":"closed","ping_status":"closed","template":"","meta":{"footnotes":""},"class_list":["post-104","page","type-page","status-publish","hentry"],"_links":{"self":[{"href":"https:\/\/filosofiaysimbolismo.org.ar\/aaefs\/wp-json\/wp\/v2\/pages\/104","targetHints":{"allow":["GET"]}}],"collection":[{"href":"https:\/\/filosofiaysimbolismo.org.ar\/aaefs\/wp-json\/wp\/v2\/pages"}],"about":[{"href":"https:\/\/filosofiaysimbolismo.org.ar\/aaefs\/wp-json\/wp\/v2\/types\/page"}],"author":[{"embeddable":true,"href":"https:\/\/filosofiaysimbolismo.org.ar\/aaefs\/wp-json\/wp\/v2\/users\/1"}],"replies":[{"embeddable":true,"href":"https:\/\/filosofiaysimbolismo.org.ar\/aaefs\/wp-json\/wp\/v2\/comments?post=104"}],"version-history":[{"count":6,"href":"https:\/\/filosofiaysimbolismo.org.ar\/aaefs\/wp-json\/wp\/v2\/pages\/104\/revisions"}],"predecessor-version":[{"id":123,"href":"https:\/\/filosofiaysimbolismo.org.ar\/aaefs\/wp-json\/wp\/v2\/pages\/104\/revisions\/123"}],"wp:attachment":[{"href":"https:\/\/filosofiaysimbolismo.org.ar\/aaefs\/wp-json\/wp\/v2\/media?parent=104"}],"curies":[{"name":"wp","href":"https:\/\/api.w.org\/{rel}","templated":true}]}}